it of 2787102976?
7
What is the hundred millions digit of 2136255589?
1
What is the hundreds digit of 77006300?
3
What is the units digit of 43309070?
0
What is the hundred thousands digit of 22878942?
8
What is the ten millions digit of 49609869?
4
What is the tens digit of 844243415?
1
What is the hundreds digit of 57526606?
6
What is the hundred millions digit of 190428538?
1
What is the units digit of 1034367696?
6
What is the ten thousands digit of 205612340?
1
What is the hundreds digit of 113226787?
7
What is the tens digit of 626407446?
4
What is the ten millions digit of 112418903?
1
What is the ten thousands digit of 1158192575?
9
What is the ten thousands digit of 162578159?
7
What is the tens digit of 65951868?
6
What is the millions digit of 1163504666?
3
What is the millions digit of 108747960?
8
What is the millions digit of 5189882?
5
What is the tens digit of 11719422?
2
What is the hundred millions digit of 617309984?
6
What is the hundreds digit of 124034381?
3
What is the ten thousands digit of 1335586534?
8
What is the ten millions digit of 263354272?
6
What is the ten millions digit of 339215365?
3
What is the millions digit of 149672569?
9
What is the hundreds digit of 289357739?
7
What is the units digit of 1418927254?
4
What is the tens digit of 133819177?
7
What is the hundreds digit of 1288558555?
5
What is the ten thousands digit of 81776835?
7
What is the hundred millions digit of 2280582565?
2
What is the tens digit of 162678671?
7
What is the millions digit of 167131594?
7
What is the hundred thousands digit of 2406753751?
7
What is the ten thousands digit of 5905024546?
2
What is the millions digit of 286208376?
6
What is the hundreds digit of 1220941115?
1
What is the units digit of 271723471?
1
What is the units digit of 35429261?
1
What is the ten thousands digit of 344966302?
6
What is the thousands digit of 215062730?
2
What is the hundreds digit of 113579894?
8
What is the hundred thousands digit of 4294207838?
2
What is the billions digit of 9071985301?
9
What is the tens digit of 38449950?
5
What is the ten thousands digit of 1021972864?
7
What is the thousands digit of 348294836?
4
What is the units digit of 121240343?
3
What is the millions digit of 628825687?
8
What is the thousands digit of 521248075?
8
What is the millions digit of 2857849812?
7
What is the hundred thousands digit of 959412503?
4
What is the units digit of 41747184?
4
What is the units digit of 916957005?
5
What is the thousands digit of 31905912?
5
What is the units digit of 263776064?
4
What is the hundreds digit of 62962814?
8
What is the thousands digit of 3361711865?
1
What is the billions digit of 7368389370?
7
What is the hundred thousands digit of 31920693?
9
What is the billions digit of 2752916930?
2
What is the ten millions digit of 727870853?
2
What is the tens digit of 3786941973?
7
What is the ten millions digit of 42228284?
4
What is the millions digit of 2474262518?
4
What is the ten millions digit of 67449059?
6
What is the millions digit of 827069234?
7
What is the hundred thousands digit of 536665998?
6
What is the millions digit of 61752345?
1
What is the ten thousands digit of 26451208?
5
What is the thousands digit of 481684719?
4
What is the hundred millions digit of 114259601?
1
What is the thousands digit of 79450149?
0
What is the hundred thousands digit of 96956130?
9
What is the hundreds digit of 364618237?
2
What is the ten thousands digit of 211418952?
1
What is the millions digit of 2159497725?
9
What is the hundreds digit of 87929678?
6
What is the ten thousands digit of 241598121?
9
What is the thousands digit of 294384581?
4
What is the millions digit of 4387699?
4
What is the tens digit of 171694679?
7
What is the millions digit of 354282508?
4
What is the thousands digit of 11965957?
5
What is the tens digit of 83789101?
0
What is the tens digit of 55516867?
6
What is the hundreds digit of 59778867?
8
What is the units digit of 1461737883?
3
What is the ten millions digit of 106135623?
0
What is the ten thousands digit of 628993722?
9
What is the thousands digit of 1110368744?
8
What is the hundred millions digit of 786523489?
7
What is the ten thousands digit of 6406095274?
9
What is the ten millions digit of 87571938?
8
What is the thousands digit of 270960699?
0
What is the hundreds digit of 96531407?
4
What is the billions digit of 1503603418?
1
What is the hundreds digit of 433405589?
5
What is the millions digit of 704200115?
4
What is the ten thousands digit of 220054533?
5
What is the billions digit of 2259328781?
2
What is the hundreds digit of 69626121?
1
What is the millions digit of 840974307?
0
What is the units digit of 9127744?
4
What is the hundreds digit of 4301374?
3
What is the thousands digit of 72906379?
6
What is the hundred thousands digit of 20414294?
4
What is the hundreds digit of 42228188?
1
What is the ten thousands digit of 192008113?
0
What is the hundred millions digit of 191469373?
1
What is the millions digit of 58297090?
8
What is the ten millions digit of 285112268?
8
What is the hundred millions digit of 1087271472?
0
What is the units digit of 863554842?
2
What is the thousands digit of 15234925?
4
What is the tens digit of 33234620?
2
What is the units digit of 115670599?
9
What is the tens digit of 498572309?
0
What is the millions digit of 38544151?
8
What is the hundred millions digit of 1878752042?
8
What is the hundred millions digit of 202657160?
2
What is the hundred millions digit of 1268441072?
2
What is the hundreds digit of 1612520723?
7
What is the tens digit of 199504861?
6
What is the hundred millions digit of 6121469290?
1
What is the ten thousands digit of 101326012?
2
What is the ten millions digit of 94132239?
9
What is the hundred millions digit of 588850957?
5
What is the hundreds digit of 89452583?
5
What is the hundreds digit of 208898741?
7
What is the ten millions digit of 2291996603?
9
What is the hundred thousands digit of 354062091?
0
What is the hundred thousands digit of 18566515?
5
What is the units digit of 65835665?
5
What is the ten thousands digit of 1297251002?
5
What is the ten millions digit of 70397995?
7
What is the hundred millions digit of 389177908?
3
What is the millions digit of 19029114?
9
What is the tens digit of 161498357?
5
What is the hundreds digit of 448245333?
3
What is the tens digit of 11862093?
9
What is the hundred thousands digit of 556949517?
9
What is the units digit of 4705597?
7
What is the thousands digit of 79257554?
7
What is the tens digit of 34198625?
2
What is the tens digit of 157355771?
7
What is the units digit of 2125741912?
2
What is the hundred thousands digit of 802234367?
2
What is the thousands digit of 68126387?
6
What is the hundred millions digit of 652339281?
6
What is the millions digit of 20821295?
0
What is the ten thousands digit of 1236203555?
0
What is the tens digit of 839791223?
2
What is the hundred thousands digit of 45966900?
9
What is the millions digit of 67798324?
7
What is the ten thousands digit of 537392491?
9
What is the billions digit of 3341216330?
3
What is the millions digit of 36552617?
6
What is the millions digit of 33719205?
3
What is the units digit of 45641939?
9
What is the hundred millions digit of 118941127?
1
What is the hundred thousands digit of 212742464?
7
What is the hundred thousands digit of 989951441?
9
What is the units digit of 51990201?
1
What is the millions digit of 360413502?
0
What is the hundreds digit of 71603149?
1
What is the hundred millions digit of 318348046?
3
What is the hundred thousands digit of 79189829?
1
What is the units digit of 119352591?
1
What is the millions digit of 44298694?
4
What is the ten millions digit of 418800580?
1
What is the thousands digit of 30903654?
3
What is the ten millions digit of 53270262?
5
What is the hundreds digit of 44540229?
2
What is the hundreds digit of 101253824?
8
What is the ten thousands digit of 47532818?
3
What is the units digit of 6338694052?
2
What is the hundreds digit of 181620854?
8
What is the ten thousands digit of 57867695?
6
What is the millions digit of 85980123?
5
What is the tens digit of 3034150154?
5
What is the hundred thousands digit of 2565128004?
1
What is